000100
Convert 2510402 (base 6) to base 7.
1064414
-23312112 (base 6) to base 14
-14c296
124032324 (base 5) to base 8
2252405
Convert -1ed57 (base 15) to base 11.
-69881
What is -142350 (base 7) in base 4?
-12222033
What is -42222 (base 7) in base 4?
-2202210
What is -220323 (base 7) in base 9?
-57826
1444111440 (base 5) to base 15
51de65
Convert -101000111000101 (base 2) to base 10.
-20933
Convert 132a484 (base 12) to base 11.
215aa0a
-921b5 (base 13) to base 14
-6b572
-226998 (base 11) to base 2
-1011000000001110110
What is -1355005 (base 8) in base 5?
-44232433
What is -21105214 (base 6) in base 9?
-1137231
102112121020 (base 3) to base 8
673525
Convert -200100110100 (base 3) to base 5.
-43024223
What is -13053435 (base 6) in base 4?
-1220102333
Convert 106a4a9 (base 11) to base 15.
2700d0
11186538 (base 10) to base 4
222223011222
12212222020020 (base 3) to base 16
2fbecc
Convert 34b4 (base 13) to base 12.
435a
Convert -2203301 (base 6) to base 7.
-634411
Convert 102030121 (base 4) to base 9.
123201
Convert 2010210211121 (base 3) to base 9.
2123747
42165266 (base 7) to base 5
1403000134
What is -57243135 (base 8) in base 7?
-210302122
What is cd9b (base 14) in base 16?
8b1d
Convert 132355444 (base 6) to base 10.
2643796
-2256275 (base 11) to base 9
-7374815
Convert 133010232023 (base 4) to base 6.
450332015
Convert -425962 (base 11) to base 8.
-2462522
Convert -100210211010 (base 3) to base 14.
-504d7
-14113324 (base 5) to base 12
-6b99b
-7b453 (base 15) to base 7
-3223152
Convert 1413233 (base 5) to base 4.
13020021
-31265 (base 10) to base 6
-400425
-25271150 (base 8) to base 11
-3185281
Convert 9bf11 (base 16) to base 5.
130414422
What is -148638 (base 9) in base 7?
-531122
What is -2118401 (base 9) in base 10?
-1134649
What is 103112114 (base 7) in base 6?
335315142
What is -174a3 (base 15) in base 9?
-124260
What is 1123340 (base 9) in base 7?
5102664
Convert 82 (base 16) to base 2.
10000010
Convert 2894 (base 16) to base 4.
2202110
Convert 4357111 (base 10) to base 2.
10000100111101111110111
21365515 (base 7) to base 12
743aba
10211002312 (base 4) to base 14
233606
Convert -379cc6 (base 13) to base 16.
-1461d9
What is 11405002 (base 6) in base 15?
71488
Convert -22011002021221 (base 3) to base 4.
-100201212130
13151a (base 12) to base 2
1001100100010100110
45a5 (base 11) to base 16
179c
Convert 4ab072 (base 12) to base 14.
23b382
469182 (base 10) to base 16
728be
Convert -651506 (base 8) to base 16.
-35346
-212333023 (base 4) to base 2
-100110111111001011
Convert 21116334 (base 7) to base 16.
1b413d
Convert 11121122101 (base 3) to base 11.
622a5
Convert -200120110200001 (base 3) to base 7.
-146616505
288a50 (base 12) to base 4
2211233130
Convert 168493 (base 10) to base 4.
221020231
4724201 (base 8) to base 4
10322202001
-2100120212102 (base 3) to base 13
-34a8b8
Convert 801752 (base 10) to base 13.
220c13
Convert -66768 (base 9) to base 8.
-126521
What is -560445 (base 9) in base 11?
-209744
What is 782a7 (base 11) in base 2?
11011101101010110
1613228 (base 10) to base 14
2ddca8
1c189 (base 15) to base 7
530463
-11877a6 (base 11) to base 4
-13312323310
-1761046 (base 9) to base 12
-3b5b89
Convert a29040 (base 13) to base 15.
4ecdd7
10011011000000011011 (base 2) to base 10
634907
What is -38419 (base 12) in base 14?
-1dcd7
-33143131 (base 6) to base 3
-1212110202001
What is -113e6d (base 15) in base 5?
-202322003
What is 1061053 (base 7) in base 16?
20554
What is 1111110110100010110011 (base 2) in base 16?
3f68b3
754806 (base 10) to base 5
143123211
What is -545031 (base 7) in base 14?
-26a88
What is -51324542 (base 6) in base 16?
-167b2e
14411204 (base 6) to base 11
311106
Convert -36614e (base 15) to base 16.
-27b5b8
Convert 86237 (base 9) to base 7.
325231
What is -2110112102100 (base 3) in base 4?
-10333232112
What is 1122221303 (base 4) in base 6?
11543015
What is -2f312 (base 16) in base 2?
-101111001100010010
Convert 46a072 (base 13) to base 6.
55551145
Convert 21012620 (base 8) to base 9.
8350602
Convert 142640 (base 9) to base 10.
87273
Convert 855539 (base 12) to base 10.
2103741
What is -30000130 (base 5) in base 7?
-1664266
536876 (base 9) to base 2
1001110001000010011
3060353 (base 7) to base 5
43230123
What is -1a4bd (base 15) in base 7?
-504064
What is -2354421 (base 7) in base 5?
-34034212
Convert 103230221 (base 4) to base 3.
11002200012
Convert 58bd5 (base 15) to base 12.
1177a8
Convert -413305 (base 7) to base 8.
-212232
Convert -1111111000111101101001 (base 2) to base 15.
-57433b
26742 (base 9) to base 2
100011010110101
Convert -222804 (base 11) to base 16.
-56aca
Convert 98956d (base 16) to base 9.
20731035
Convert 313072 (base 10) to base 12.
131214
What is -12112212001021 (base 3) in base 9?
-5485037
What is -36e80 (base 15) in base 6?
-3432003
What is -1579957 (base 12) in base 14?
-824935
Convert -20355374 (base 9) to base 4.
-211103222011
What is 101101101100011010010 (base 2) in base 14?
2ad93c
What is 1550622 (base 7) in base 9?
355486
What is -4302350 (base 6) in base 10?
-210522
Convert -8dbb3d (base 15) to base 6.
-401055251
110331310320 (base 4) to base 6
313445000
What is 23630 (base 7) in base 10?
6146
What is 61868 (base 10) in base 5?
3434433
Convert 5503564 (base 7) to base 13.
1a77a5
-1333221440 (base 5) to base 14
-64c24b
What is 223160 (base 9) in base 8?
404646
What is -2a53ac (base 15) in base 8?
-7625530
5973138 (base 11) to base 3
201121002012020
Convert -101001111100100011011010 (base 2) to base 3.
-202200122120200
57869 (base 12) to base 6
2301413
Convert -12021210010100 (base 3) to base 11.
-164a536
6709133 (base 11) to base 6
1100125243
What is -110010010000110 (base 2) in base 12?
-12a86
22221010102000 (base 3) to base 6
245420343
What is 4207865 (base 10) in base 5?
2034122430
7721105 (base 8) to base 10
2073157
197237 (base 11) to base 5
34134134
Convert -9f23 (base 16) to base 9.
-61785
Convert -bb790 (base 14) to base 4.
-1232321302
Convert -121322010 (base 5) to base 3.
-1002010112022
Convert 40262345 (base 7) to base 5.
1323434213
Convert -303322525 (base 6) to base 2.
-10011110110110101110101
1623a (base 12) to base 3
1121010101
10002211120001 (base 3) to base 5
410301013
15611a4 (base 11) to base 15
379ed8
Convert -278d3 (base 14) to base 2.
-10111111000000001
Convert 5659324 (base 11) to base 16.
9735b4
What is 34053055 (base 6) in base 2?
11111100010101111011
Convert -3a300b (base 12) to base 11.
-5a5605
What is -121120022211 (base 3) in base 14?
-86bad
Convert -234422 (base 7) to base 4.
-22112201
Convert -324125 (base 7) to base 9.
-85648
15250a (base 14) to base 8
2636176
Convert 113222312131 (base 4) to base 13.
13932c7
186457 (base 11) to base 12
119b07
-309e8 (base 15) to base 9
-254362
Convert -2a719 (base 13) to base 11.
-55368
4070128 (base 12) to base 8
56073660
What is 1001111110001001110 (base 2) in base 10?
326734
114cc82 (base 13) to base 2
10100010111111010101100
-10201222120 (base 3) to base 6
-1324453
What is 122100120 (base 6) in base 7?
25615656
2110230 (base 5) to base 11
24388
-4749436 (base 11) to base 7
-130263356
Convert -1127c14 (base 13) to base 12.
-1923374
What is 211111021113 (base 4) in base 6?
545425143
Convert 58722 (base 12) to base 7.
1002410
1110110111111000011111 (base 2) to base 7
45066042
Convert 156a80 (base 11) to base 5.
30243130
2a8229 (base 12) to base 2
10101111100101000001
Convert -113303033303 (base 4) to base 15.
-8339ce
Convert 53bd6 (base 16) to base 2.
1010011101111010110
Convert -5552404 (base 6) to base 7.
-2242024
What is -a022 (base 16) in base 10?
-40994
Convert -32542331 (base 7) to base 6.
-140004525
What is -502231 (base 7) in base 8?
-245551
Convert 1047b4 (base 14) to base 4.
2012112322
113441101 (base 6) to base 9
4015111
What is 1bd048 (base 14) in base 12?
400574
What is -327324 (base 8) in base 16?
-1aed4
47ef4 (base 16) to base 10
294644
What is 120bb5 (base 14) in base 4?
2112220023
What is -171ca7c (base 13) in base 2?
-11100100010110011010010
What is -b20bb (base 12) in base 16?
-3890f
Convert -51936 (base 14) to base 3.
-100222201211
232010032 (base 4) to base 8
560416
Convert 371517 (base 12) to base 5.
212102430
What is -ca25dc (base 15) in base 11?
-5485866
-1d6d45 (base 14) to base 7
-11656415
What i